{"id":488,"date":"2022-10-29T19:06:46","date_gmt":"2022-10-29T18:06:46","guid":{"rendered":"https:\/\/znayn.com\/?post_type=product&#038;p=488"},"modified":"2024-06-04T15:16:58","modified_gmt":"2024-06-04T14:16:58","slug":"thistle-honey-500g","status":"publish","type":"product","link":"https:\/\/znayn.com\/index.php\/product\/thistle-honey-500g\/","title":{"rendered":"Thistle honey 500g"},"content":{"rendered":"<p>Le miel de Chardon , \u00e9galement appel\u00e9 en arabe &#8220;Chouk&#8221;<\/p>\n<p>Il est r\u00e9put\u00e9 pour grand nombre de propri\u00e9t\u00e9s th\u00e9rapeutiques et m\u00e9dicinales.<\/p>\n<p>Vertus m\u00e9dicinales: Il prot\u00e8ge le foie et\u00a0aide \u00e0 pr\u00e9venir la croissance des bact\u00e9ries.<\/p>\n<p>An\u00e9mie: Il augmente le\u00a0taux d&#8217;h\u00e9moglobine dans le sang.<\/p>\n<p>Allaitement: Il augmente la lactation durant l&#8217;allaitement.<\/p>\n<h4><strong>Cristallisation, temp\u00e9rature et liqu\u00e9faction du miel\u00a0<\/strong><\/h4>\n<p>Apr\u00e8s son conditionnement le miel peut cristalliser, c&#8217;est un ph\u00e9nom\u00e8ne naturel . Il est pr\u00e9f\u00e9rable de le stocker soit \u00e0 plus de 20\u00b0C, soit \u00e0 moins de 10\u00b0, d\u2019o\u00f9 l\u2019int\u00e9r\u00eat de le placer au r\u00e9frig\u00e9rateur.<\/p>\n<p>Il est possible de liqu\u00e9fier un miel qui s\u2019est cristallis\u00e9, en le mettant quelques minutes au bain-marie et en remuant constamment, mais attention ! Si l\u2019on veut conserver toutes les qualit\u00e9s du miel il ne faut pas d\u00e9passer 40\u00b0C.<\/p>\n<p>Ces vertus sont donn\u00e9es \u00e0 titre informatif, elles ne remplaceront jamais une consultation m\u00e9dicale.<\/p>\n<p>Il ne contient ni additifs ni conservateur<\/p>\n","protected":false},"excerpt":{"rendered":"<p>Le miel de Chardon , \u00e9galement appel\u00e9 en arabe &#8220;Chouk&#8221; Il est r\u00e9put\u00e9 pour grand nombre de propri\u00e9t\u00e9s th\u00e9rapeutiques et&#8230;<\/p>\n","protected":false},"featured_media":549,"comment_status":"open","ping_status":"closed","template":"","meta":[],"product_brand":[],"product_cat":[56],"product_tag":[],"class_list":{"0":"post-488","1":"product","2":"type-product","3":"status-publish","4":"has-post-thumbnail","6":"product_cat-foodstuff","8":"first","9":"instock","10":"shipping-taxable","11":"purchasable","12":"product-type-simple"},"_links":{"self":[{"href":"https:\/\/znayn.com\/index.php\/wp-json\/wp\/v2\/product\/488","targetHints":{"allow":["GET"]}}],"collection":[{"href":"https:\/\/znayn.com\/index.php\/wp-json\/wp\/v2\/product"}],"about":[{"href":"https:\/\/znayn.com\/index.php\/wp-json\/wp\/v2\/types\/product"}],"replies":[{"embeddable":true,"href":"https:\/\/znayn.com\/index.php\/wp-json\/wp\/v2\/comments?post=488"}],"wp:featuredmedia":[{"embeddable":true,"href":"https:\/\/znayn.com\/index.php\/wp-json\/wp\/v2\/media\/549"}],"wp:attachment":[{"href":"https:\/\/znayn.com\/index.php\/wp-json\/wp\/v2\/media?parent=488"}],"wp:term":[{"taxonomy":"product_brand","embeddable":true,"href":"https:\/\/znayn.com\/index.php\/wp-json\/wp\/v2\/product_brand?post=488"},{"taxonomy":"product_cat","embeddable":true,"href":"https:\/\/znayn.com\/index.php\/wp-json\/wp\/v2\/product_cat?post=488"},{"taxonomy":"product_tag","embeddable":true,"href":"https:\/\/znayn.com\/index.php\/wp-json\/wp\/v2\/product_tag?post=488"}],"curies":[{"name":"wp","href":"https:\/\/api.w.org\/{rel}","templated":true}]}}